alculate the remainder when 56 is divided by d.
11
Calculate the remainder when 19 is divided by -2*-11*1/2.
8
Suppose 0 = -2*r + 14 - 2. Suppose 0 = 2*f - 3*f + 16. Calculate the remainder when f is divided by (27/6)/(r/8).
4
Let c(i) = i**3 - 9*i**2 + 11*i - 17. What is the remainder when c(8) is divided by 5?
2
Suppose -2*g + g - 2 = 0. Let a(l) = -l**3 - 2*l**2 - l - 1. What is the remainder when a(g) is divided by 1?
0
Let g(u) = 21*u + 8. Let s be g(4). Calculate the remainder when 1*(s/4 - 0) is divided by 8.
7
Let f(j) = j + 2. Let b(k) = -2*k - 4. Let h(w) = 6*b(w) + 10*f(w). Suppose 47 = 4*s + 3. Calculate the remainder when s is divided by h(-5).
5
Let u(n) = 6*n - 2. Let g be (-2)/10 + 33/15. What is the remainder when (85/15)/((-1)/(-3)) is divided by u(g)?
7
Let f(g) = -g**3 + 5*g**2 + 3*g - 6. Let s = -7 + 133. Suppose z + z = s. Calculate the remainder when z is divided by f(4).
19
Suppose -4*u + 16 = 0, -36 = -3*j - j + 2*u. Calculate the remainder when j is divided by 4.
3
Suppose -3*k + 24 = 2*y, -k - 4*y + 13 = 5. Suppose 0*v = v - k. Suppose -q + 1 = 0, 0*q + 3*q - 13 = -2*o. Calculate the remainder when v is divided by o.
3
Let h = -2 - -13. Suppose -g + 10 + h = 0. Calculate the remainder when 62 is divided by g.
20
Suppose -4*w - n + 55 = 0, -n - 2*n + 35 = 2*w. What is the remainder when w is divided by 8?
5
Let d(x) = x + 8. Let o be d(0). Let w = 0 + o. What is the remainder when w is divided by 5?
3
Suppose -3*v = -7*v - 12. Let j = v - -11. Let g(s) = 9*s - 3. What is the remainder when g(2) is divided by j?
7
Suppose -4*w = w - 15. What is the remainder when w is divided by (-2)/3 + (-16)/(-6)?
1
Suppose 5*r + 23 = -4*v + 8, -4*r = -2*v - 14. Calculate the remainder when (-5)/((-50)/(-24))*v is divided by 0 + 1/1 - -6.
5
Let f(o) = -o**2 + 9*o - 5. Suppose 2*p - 20 = -2*p. Suppose l = -p*n + 30, -4*n = 4*l - 60 + 20. Calculate the remainder when f(7) is divided by n.
4
Let f(s) = -s**3 + 9*s**2 + 12*s - 7. Let v be f(10). Let y = v - -2. What is the remainder when y is divided by 9?
6
Let l = -14 - -28. Suppose 0 = 4*t - 0 - 32. Let q = t - -33. What is the remainder when q is divided by l?
13
Let y = 275 - 136. Suppose y = -4*g - 41. Let s = g + 76. What is the remainder when s is divided by 11?
9
Suppose 5*u - 3*f - 202 = f, 3*u - 3*f = 120. What is the remainder when u is divided by 22?
20
Let k(b) = b + 9. Suppose 0 = -4*s - 23 + 3. Calculate the remainder when 6 is divided by k(s).
2
Let s = -28 + 56. Calculate the remainder when s is divided by 5.
3
Suppose -4*j + 73 = 5*k, 2*k - 5*k = 9. What is the remainder when 83 is divided by j?
17
Suppose l - 5*c - 24 = 0, 0 = 4*l - 0*c + 4*c. Suppose -l*u + 5*u - 8 = 0. What is the remainder when 14 is divided by u?
6
Suppose -2*d - 15 + 25 = 0. Calculate the remainder when 6 is divided by d.
1
Suppose -6*r + 322 = r. What is the remainder when 229 is divided by r?
45
Let y be (-3)/6 - (-110)/4. Suppose t + 11 = f, -2*t + 3*f = -3*t - y. Let s = t - -32. What is the remainder when s is divided by 6?
5
Let y(m) be the third derivative of m**5/60 + m**4/8 - 3*m**3/2 - m**2. Suppose 15*l = 9*l + 42. Calculate the remainder when y(-7) is divided by l.
5
Let s(f) = f**3 - 8*f**2 - 15*f - 7. What is the remainder when 76 is divided by s(10)?
33
Let n = 220 - 212. Calculate the remainder when 19 is divided by n.
3
Suppose 4*o = 4*u - 8*u + 192, 0 = -3*o + 5*u + 176. What is the remainder when o is divided by 27?
25
Suppose -5*y - 19 = -2*q, 9 + 36 = 3*q - 2*y. Suppose -q = l + 2*d, 0*d + 10 = -2*l + 2*d. Calculate the remainder when (-2)/l - (-241)/9 is divided by 15.
12
Let z(g) = -4*g**2 + 3*g + 4. Let b be z(4). What is the remainder when 2 is divided by 10/45 - b/27?
0
Let t = 7 + -10. Let m = 128 - -24. Calculate the remainder when 36 is divided by (t + 1)*m/(-16).
17
Let n = 5 - 0. Suppose n*i + q = 122, 3*q + 0*q + 34 = i. Calculate the remainder when 50 + (0 - (1 + 0)) is divided by i.
24
Calculate the remainder when 25 is divided by 1/((-58)/(-14) - 4).
4
Let p = 84 - 56. What is the remainder when 111 is divided by p?
27
Let l(o) = o**2 - 3*o - 10. Calculate the remainder when 62 is divided by l(-3).
6
Let o(h) = 12*h + 2. Suppose 3*w - 8 = i, 2*w + i = 2*i + 5. What is the remainder when o(w) is divided by 13?
12
Suppose -2*d - 2*w + 38 = 0, 2*d + 3*w - 36 = 2*w. What is the remainder when 48 is divided by d?
14
Let t(h) = h**3 - 4*h + 4. Let g be t(3). Suppose -3*w = f + 247, 208 = -3*w - 5*f - g. Calculate the remainder when 19 is divided by (1/3)/((-4)/w).
5
Let d(o) = -62*o + 1. Let r be d(1). Let l = -24 - r. Calculate the remainder when l is divided by 13.
11
Calculate the remainder when 2/(-3)*1/((-10)/915) is divided by 21.
19
Suppose 5*a - 1 = 34. What is the remainder when 12 is divided by a?
5
Suppose 4*w = -2*p + 440, -557 = 4*w - 9*w + p. What is the remainder when w is divided by 28?
27
Let j(y) = y + 22. Calculate the remainder when 51 is divided by j(-9).
12
Let j(y) = -y**3 + 4*y**2 + 5*y + 3. Let r be j(5). Suppose 0 = r*q - q - 32. Calculate the remainder when (0 - -1)*(q + -5) is divided by 6.
5
Let n = 43 + 5. What is the remainder when n is divided by 19?
10
Suppose -4*f = 4*n - 20 - 4, 2*n + 51 = 5*f. Calculate the remainder when f is divided by 3.
0
Suppose 4*s - 96 = 5*y, 4*s - 9 = 3*y + 95. Let m(l) = 15*l. Let v = 6 + -5. Calculate the remainder when s is divided by m(v).
14
Let b(q) be the first derivative of q**4/4 + q**3/3 - q**2/2 + 3*q - 1. Let t be b(0). Calculate the remainder when 9 is divided by t/(-4) + (-69)/(-12).
4
Let k be 35/(-7)*(-4)/10. Suppose -4*n - k = -14. What is the remainder when 3/(-12) + 33/4 is divided by n?
2
Let m be -13 - 0/(0 - -2). Let h = 37 + m. What is the remainder when 45 is divided by h?
21
Let j be (-5)/(15/(-6)) - -36. Let w be j/4*(1 - -1). Suppose 7 + w = 4*g + 2*z, 2*z = g + 6. Calculate the remainder when g is divided by 3.
1
Let j = -46 + 75. Let x(v) = -v**3 - 7*v**2 - 8*v - 3. Let z be x(-7). What is the remainder when j is divided by 3/(-5) - z/(-5)?
9
Suppose 3*q = j - 0*j - 213, 0 = -2*j + 3*q + 435. Let x = 32 - 13. Calculate the remainder when j/9*9/6 is divided by x.
18
Let j = 8 + -11. Let z = 10 - j. What is the remainder when (3/(-2))/(-8*48/9472) is divided by z?
11
Let r be -4 - (-12 - (-7 - -3)). Calculate the remainder when 11 is divided by 0/1 + (r - 1).
2
Let s = -18 - -21. Let t(k) be the second derivative of -2*k**3/3 - 3*k**2/2 - 3*k. What is the remainder when t(-3) is divided by s?
0
Suppose -5*q = o - 23 - 46, 4*q - 59 = 3*o. Calculate the remainder when 66 is divided by q.
10
Let l = 25 - 13. Suppose 2*b + c - 68 = 0, 5*c + 21 = 3*b - 68. Calculate the remainder when b is divided by l.
9
Let n(r) = 6*r**3 + 2*r**2 - 2*r + 1. Let p(h) = -h**2 - 8*h - 5. Let s be p(-5). Let b be (-1)/(-3) + s/6. What is the remainder when n(b) is divided by 18?
17
Let s = 35 + -24. Suppose -2*u = -5*u + 15. Suppose u*d + q - 104 = -0*q, 5*q = -5*d + 120. Calculate the remainder when d is divided by s.
9
Let j(t) = 1 + t + 3*t**2 + 3 - t**3 + t. Let m be j(3). Let r = 16 - m. Calculate the remainder when 10 is divided by r.
4
Let m(d) = -d**2 + 6*d + 3. Suppose 4*a + 11 = 5*f, -5*f = -0*a + 3*a + 17. What is the remainder when m(4) is divided by 8*(f/2)/(-1)?
3
Suppose -4*z + 116 = -128. Calculate the remainder when z is divided by 32.
29
Let n = -1 - -1. Suppose -3*u - u = u. Suppose u = 4*d - n*d - 36. What is the remainder when 16 is divided by d?
7
Let x = 18 - 10. Let i = -7 + -5. What is the remainder when (-4)/i - 195/(-9) is divided by x?
6
Let x(k) = 5*k - 22. Calculate the remainder when 153 is divided by x(7).
10
Let y = 20 - -48. Calculate the remainder when y is divided by 14.
12
Let z be (16/6)/((-4)/(-24)). Calculate the remainder when 16 is divided by 1 + (-3)/(-6)*z.
7
Suppose -a + 25 = -6*a. Let m(f) = -f**2 - 6*f + 5. Let n be m(a). Suppose 2*j = -4*l + 44, -j = 2*l + 3*j - n. What is the remainder when l is divided by 5?
3
Suppose 5*s = -5*g - 5, 4*g = 3*g + 3*s - 9. What is the remainder when 2/15*g*-20 is divided by 5?
3
Let t be (-3)/(-9) - (-30)/(-9). What is the remainder when -18*(-4 - (t - 0)) is divided by 5?
3
Suppose 0 = -0*n + n + 3*y - 55, 0 = -4*n - 3